. Suppose -6*w + 669 = 3*m - 4*w, -f*w - 1115 = -5*m. Is m a prime number?
True
Suppose -3*y + 6483 + 32020 = 2*z, 4*z - 2*y - 77046 = 0. Is z a composite number?
False
Suppose 0 = 12*w - 13*w + 6. Is w/45 - (10423/(-15) + -2) a prime number?
False
Suppose -4*d - 445 = -2*w - 3*d, -4*w - d + 893 = 0. Is w prime?
True
Let a(b) = -b - 315*b**3 - 2 - 374*b**3 + 1. Let l = -18 - -17. Is a(l) a composite number?
True
Let z(x) = x**2 + 23*x - 7. Let m be z(-14). Let j = m - -240. Suppose 5*w - j = 338. Is w a composite number?
False
Suppose 309570 = 9*u + 27807. Is u composite?
False
Let p(t) = 3*t**3 - 10*t**2 + 2*t + 1. Is p(6) prime?
False
Is (24559 + -12)/(2 + -1) prime?
True
Suppose -5*p - 9013 = s - 4*s, 4*p - 16 = 0. Is s prime?
True
Let l = 3788 - 1479. Is l composite?
False
Suppose v = -v + 12. Let k(u) = u + 13. Let m(f) = 4*f + 56. Let b(h) = 9*k(h) - 2*m(h). Is b(v) prime?
True
Let y = 134 - 138. Is (-2282)/(-8)*(0 - y) a composite number?
True
Suppose -2*g = -b + 10, -105 = -2*b - 3*b - g. Let k = b - 18. Is k/9 + (-601)/(-9) a prime number?
True
Suppose -3*j + 3554 = 2*j + 2*l, -3*j = -2*l - 2126. Let t = j + -409. Is t composite?
True
Is (3245 + 1)/(72 - 70) composite?
True
Let t = -47 + 86. Let z = 305 - t. Suppose -2*l + z = l - w, -1 = -w. Is l prime?
True
Is (21849/24)/((-13)/(-104)) composite?
False
Let u(k) be the third derivative of k**6/180 - k**5/30 + k**4/8 + 3*k**3/2 + 9*k**2. Let x(m) be the first derivative of u(m). Is x(10) a prime number?
True
Suppose 0*a + 364410 = 18*a. Is a prime?
False
Let w(l) = 125*l + 1. Let p be w(4). Let x = -310 + p. Is x prime?
True
Suppose -3*m = 1503 - 387. Is (-5 - m) + (-2 - -6) a composite number?
True
Suppose -15*x = -4*x - 18062. Suppose 4*z + 3481 = 5*g, -2*g = 3*z + 245 - x. Is g a composite number?
True
Let k(f) = 39*f - 5. Let a be 6/14 + 240/(-21). Let w be k(a). Is 3*4/(-24)*w prime?
False
Let q(f) = -f**3 + 8*f**2 + 10*f - 9. Let h be 1/(40/36 - 1). Let g be q(h). Suppose g = -4*v + 4*r + 1888, -4*v - 2*r = 2*r - 1848. Is v prime?
True
Is -10*4/16*(-22086)/45 a prime number?
False
Suppose 2*c - 3*c = 251. Let i = 519 + c. Suppose 4*m - 2*z + 4*z - 354 = 0, 0 = 3*m - z - i. Is m composite?
False
Let m(b) = b**3 - 11*b**2 - 9*b + 7. Let q be m(8). Let v = q - -580. Is v prime?
False
Let j(n) be the second derivative of n**3/6 - 5*n**2/2 + 2*n. Let v be j(7). Is 115*(v - 3 - -2) a prime number?
False
Let z be ((-2)/(-2))/(-7 + 24/4). Is (-586*((-6)/(-2))/6)/z prime?
True
Let g(n) = -238*n - 141. Is g(-11) composite?
False
Let r = -1540 - -6695. Is r composite?
True
Is 0/(8 + -5) + 9066 + 1 composite?
False
Suppose 7 = -10*f + 7. Suppose -23*a + 19*a + 1972 = f. Is a a prime number?
False
Let w(p) = -p**2 - 5*p - 1. Let c be w(-4). Suppose 4*q + 576 = q + c*k, 4*q = -5*k - 813. Let y = q - -376. Is y a composite number?
False
Suppose 7*g = -10248 + 38591. Is g composite?
False
Let q(j) = -2*j - 380. Let x be q(0). Let k = x - -771. Is k a composite number?
True
Suppose c = 5*c - 20, 5*u = 6*c + 112535. Is u a prime number?
False
Let z(y) = y**2 - 10*y - 7. Let d be z(11). Suppose -2*j = 4*q - 22, d = -0*j + j - 5*q. Is (1758/j)/((-2)/(-3)) a prime number?
True
Suppose 5*o - 3*o - 4760 = 5*f, -5*o = 5*f - 11900. Suppose 4*r = 4*d - 4688, 0 = -3*d + r + 1130 + o. Is d a composite number?
True
Let d(z) = 689*z**2 + 13*z - 15. Is d(2) a composite number?
False
Suppose 0 = 3*z - 5*m - 4, 0*z + 6 = 3*z - 3*m. Suppose 5*l = 2*x + 5353, -z*l + l + 2*x = -2146. Is l a composite number?
False
Let y(o) = o**3 - 5*o**2 - o + 3. Let b be y(5). Is b/(-1)*3559/2 composite?
False
Let r = -8878 + 15741. Is r composite?
False
Let n(z) = 504*z**2 + z. Let j(b) = -2*b**2 + 3*b - 2. Let g be j(1). Is n(g) a prime number?
True
Is ((-6749)/(-68))/((-3)/(-36)) composite?
True
Suppose 5*d = 16 - 36. Let y(l) = -3*l**3 - 2*l**2 + 6*l - 7. Is y(d) composite?
True
Let a(y) = 10*y**2 + 2*y - 13. Is a(3) a prime number?
True
Let r = 15002 - 8055. Is r prime?
True
Let f = 14 + -13. Suppose 5*n - 4*t + 3*t = 13, -5*t + f = -3*n. Suppose -2*k + 4*o - n*o = -133, -2*k + 2*o + 136 = 0. Is k composite?
True
Let u(d) = 586*d**2 + 5*d + 10. Is u(4) a prime number?
False
Let m be -4 - (4 - (18 + 2)). Let w(y) = 31*y**2 + 7*y - 1. Is w(m) a composite number?
False
Let g = -76 + -5. Let f = g - -224. Is f prime?
False
Is 92988/10 - (-2)/10 prime?
False
Suppose 3*j = 3*b - 50625, -5*b - 23*j + 25*j + 84381 = 0. Is b prime?
False
Let u be 8/(-14)*-4 - 4/14. Let m be 1/(-4) - (-14)/(-8). Is m - (-2 + u) - -67 a prime number?
False
Let d = 936 - 545. Let j = d - 192. Is j prime?
True
Let u = -25 + 17. Let o(n) = -2*n**3 + 7*n**2 + 8*n - 19. Is o(u) a composite number?
True
Suppose 16*d = 10*d + 2262. Suppose -n = -734 - d. Is n a prime number?
False
Let a be 0 - 11 - (22 - 24). Let y(o) = -o**2 - 8*o + 20. Is y(a) composite?
False
Suppose -3*j - 4*g = -2 + 26, 5*j + 4*g = -48. Let v = j + 17. Suppose 0 = v*p - 170 - 465. Is p composite?
False
Suppose -38*l + 28*l + 177230 = 0. Is l a prime number?
False
Suppose -5*b + k + 142110 = 0, 0 = -5*b + 5*k - 10*k + 142080. Is b composite?
True
Suppose 4*h - 9465 = -x, 12*h = 4*x + 10*h - 37842. Is x composite?
False
Let i = -41 + 45. Suppose h = i*z - 541, 3*h = 3*z - 0*z - 417. Is z prime?
False
Let b(t) = t**3 + 9*t**2 + 7*t - 5. Suppose 0 = m + 9 - 1. Let g be b(m). Is g - 0 - (-460)/2 a composite number?
False
Let h(a) = 90*a**2 - 2*a - 21. Let i be h(-15). Let c = -12976 + i. Is c prime?
True
Is 6/10 + -1 + 8934/10 composite?
True
Let y(r) = -r**2 + 125*r - 93. Is y(49) a composite number?
False
Let a be 1/((-5)/(-40800)*5). Suppose 5*b - 393 = -5*s + a, -2033 = -5*s - b. Is s prime?
False
Let f be (-1 - 10/(-8))*68. Suppose -f = -5*n - 7. Suppose 0 = -n*p + 5*p - 153. Is p prime?
False
Suppose 365*m + 3412 = 369*m. Is m prime?
True
Suppose 0*u = -3*u - 30. Let o(l) = 3*l**2 - 13*l - 11. Is o(u) a composite number?
False
Let f(m) = 1169*m**2 + 57*m + 117. Is f(-2) composite?
False
Suppose 0*y - 4*k - 4951 = -3*y, 0 = 4*y - 3*k - 6613. Is y a composite number?
False
Let b(d) = -d**3 - 7*d**2 - 2*d - 9. Let w be b(-7). Suppose -v - 12416 = -w*v. Is 1/3 + v/12 composite?
True
Let h = 10 - 6. Suppose -h*p - t = -29 - 127, 0 = -3*t. Suppose 3*g - 95 = -5*b, -g + b + p = -b. Is g prime?
False
Let x(p) = p**2 - 6*p - 59. Is x(22) a composite number?
False
Let k(w) = -999*w + 127. Is k(-6) a prime number?
True
Suppose 4*u - 34397 = -3*r, 5*r + 3*u + 22920 = 7*r. Is r composite?
True
Let k(m) = -57*m**3 - 2*m**2 + 16*m + 44. Is k(-5) prime?
True
Let u(c) = c**3 - 11*c**2 + 18*c - 7. Is u(11) composite?
False
Let i(o) = -2480*o + 307. Is i(-23) prime?
True
Is -2 - -2157 - (0 - 4/(-2)) prime?
True
Let t = 2315 - 1212. Is t a prime number?
True
Let y = -32 - -62. Is 2/(-10) - (-17616)/y prime?
True
Let o(s) = 5*s**2 - 6*s - 4. Let j be o(14). Suppose -3*i + j = i. Is i prime?
True
Suppose -2*o + 11543 = 15*o. Is o prime?
False
Let p(a) = -5*a**2 + 9 + 3*a**2 + 3*a - 2 + 3*a**2. Is p(-8) composite?
False
Is -12 + (28855 - -3) + -3 a composite number?
False
Let f(p) = 29*p**2 + 19*p - 1. Let r(t) = t**2 + t - 1. Let k(d) = f(d) + 2*r(d). Is k(16) prime?
True
Let p = 2720 + -1667. Let d = -399 + p. Suppose 0 = -4*r + 3*y + 649, -r - 3*r - 2*y = -d. Is r a composite number?
False
Suppose 712*q - 708*q = 46396. Is q a prime number?
False
Suppose i + 2*o - 321 = 0, 4*i - i - 938 = -o. Let d = i - 49. Is d a composite number?
True
Let z(k) = 5*k**3 - 19*k**2 - 45*k - 24. Let r(q) = -2*q**3 + 6*q**2 + 15*q + 8. Let g(l) = 8*r(l) + 3*z(l). Is g(-9) composite?
False
Let t = 1 + 41. Suppose h - 85 = t. Is h prime?
True
Suppose 6*w - 32622 = -0*w. Suppose 24*y - 25*y + w = 0. Is y a prime number?
True
Suppose 4*w = 9*n - 5*n + 102460, -5*n = 3*w - 76829. Is w composite?
True
Let q = 48 + 710. Is q a composite number?
True
Let k = -382 + 3087. Is k a composite number?
True
Suppose 2*c = 3*o + 189188, 0 = -c + 5*o + 30896 + 63691. Is c a prime number?
True
Let h(q) = 16 - 7*q**3 - 3*q**2 - 16*q + 6*q**3 + 23*q. Is h(-11) a prime number?
True
Is (-1)/((1 - -3)/(-50060)) composite?
True
Let h be 190/45 - (-2)/(-9). Suppose -2487 = -5*g - m, -2*g + 176 = -h*m - 810. Is g prime?
False
Let m = -21499 + 40